[INFO] cloning repository https://github.com/jessegrosjean/libripgrep_example
[INFO] running `Command { std: "git" "-c" "credential.helper=" "-c" "credential.helper=/workspace/cargo-home/bin/git-credential-null" "clone" "--bare" "https://github.com/jessegrosjean/libripgrep_example" "/workspace/cache/git-repos/https%3A%2F%2Fgithub.com%2Fjessegrosjean%2Flibripgrep_example", kill_on_drop: false }`
[INFO] [stderr] Cloning into bare repository '/workspace/cache/git-repos/https%3A%2F%2Fgithub.com%2Fjessegrosjean%2Flibripgrep_example'...
[INFO] running `Command { std: "git" "rev-parse" "HEAD", kill_on_drop: false }`
[INFO] [stdout] 1ef008fc9f8949415e275aac61f77baf9ac46f71
[INFO] checking jessegrosjean/libripgrep_example against try#72f88fc4e9458f89516a0b8b0868f3718aec5b47 for pr-74989
[INFO] running `Command { std: "git" "clone" "/workspace/cache/git-repos/https%3A%2F%2Fgithub.com%2Fjessegrosjean%2Flibripgrep_example" "/workspace/builds/worker-6/source", kill_on_drop: false }`
[INFO] [stderr] Cloning into '/workspace/builds/worker-6/source'...
[INFO] [stderr] done.
[INFO] validating manifest of git repo https://github.com/jessegrosjean/libripgrep_example on toolchain 72f88fc4e9458f89516a0b8b0868f3718aec5b47
[INFO] running `Command { std: "/workspace/cargo-home/bin/cargo" "+72f88fc4e9458f89516a0b8b0868f3718aec5b47" "read-manifest" "--manifest-path" "Cargo.toml", kill_on_drop: false }`
[INFO] started tweaking git repo https://github.com/jessegrosjean/libripgrep_example
[INFO] removed path dependency grep from git repo https://github.com/jessegrosjean/libripgrep_example
[INFO] removed path dependency grep-matcher from git repo https://github.com/jessegrosjean/libripgrep_example
[INFO] removed path dependency grep-regex from git repo https://github.com/jessegrosjean/libripgrep_example
[INFO] removed path dependency grep-searcher from git repo https://github.com/jessegrosjean/libripgrep_example
[INFO] removed path dependency ignore from git repo https://github.com/jessegrosjean/libripgrep_example
[INFO] finished tweaking git repo https://github.com/jessegrosjean/libripgrep_example
[INFO] tweaked toml for git repo https://github.com/jessegrosjean/libripgrep_example written to /workspace/builds/worker-6/source/Cargo.toml
[INFO] crate git repo https://github.com/jessegrosjean/libripgrep_example already has a lockfile, it will not be regenerated
[INFO] running `Command { std: "/workspace/cargo-home/bin/cargo" "+72f88fc4e9458f89516a0b8b0868f3718aec5b47" "fetch" "--locked" "--manifest-path" "Cargo.toml", kill_on_drop: false }`
[INFO] [stderr]     Updating crates.io index
[INFO] [stderr] error: the lock file /workspace/builds/worker-6/source/Cargo.lock needs to be updated but --locked was passed to prevent this
[INFO] [stderr] If you want to try to generate the lock file without accessing the network, use the --offline flag.
[INFO] the lockfile is outdated, regenerating it
[INFO] running `Command { std: "/workspace/cargo-home/bin/cargo" "+72f88fc4e9458f89516a0b8b0868f3718aec5b47" "generate-lockfile" "--manifest-path" "Cargo.toml" "-Zno-index-update", kill_on_drop: false }`
[INFO] [stderr]     Blocking waiting for file lock on package cache
[INFO] running `Command { std: "/workspace/cargo-home/bin/cargo" "+72f88fc4e9458f89516a0b8b0868f3718aec5b47" "fetch" "--locked" "--manifest-path" "Cargo.toml", kill_on_drop: false }`
[INFO] [stderr]     Blocking waiting for file lock on package cache
[INFO] running `Command { std: "docker" "create" "-v" "/var/lib/crater-agent-workspace/builds/worker-6/target:/opt/rustwide/target:rw,Z" "-v" "/var/lib/crater-agent-workspace/builds/worker-6/source:/opt/rustwide/workdir:ro,Z" "-v" "/var/lib/crater-agent-workspace/cargo-home:/opt/rustwide/cargo-home:ro,Z" "-v" "/var/lib/crater-agent-workspace/rustup-home:/opt/rustwide/rustup-home:ro,Z" "-e" "SOURCE_DIR=/opt/rustwide/workdir" "-e" "CARGO_TARGET_DIR=/opt/rustwide/target" "-e" "CARGO_HOME=/opt/rustwide/cargo-home" "-e" "RUSTUP_HOME=/opt/rustwide/rustup-home" "-w" "/opt/rustwide/workdir" "-m" "1610612736" "--user" "0:0" "--network" "none" "rustops/crates-build-env@sha256:d92eaeed33fa75130ca1ee6c8a01d1ffb62bac859dfdfb3450e3e5d1c0146529" "/opt/rustwide/cargo-home/bin/cargo" "+72f88fc4e9458f89516a0b8b0868f3718aec5b47" "metadata" "--no-deps" "--format-version=1", kill_on_drop: false }`
[INFO] [stderr] WARNING: Your kernel does not support swap limit capabilities or the cgroup is not mounted. Memory limited without swap.
[INFO] [stdout] 902e6aa403478e5b83236e96bb477ec42dedbe6c5fa6bb56e8b7f3efc5014d48
[INFO] running `Command { std: "docker" "start" "-a" "902e6aa403478e5b83236e96bb477ec42dedbe6c5fa6bb56e8b7f3efc5014d48", kill_on_drop: false }`
[INFO] running `Command { std: "docker" "inspect" "902e6aa403478e5b83236e96bb477ec42dedbe6c5fa6bb56e8b7f3efc5014d48", kill_on_drop: false }`
[INFO] running `Command { std: "docker" "rm" "-f" "902e6aa403478e5b83236e96bb477ec42dedbe6c5fa6bb56e8b7f3efc5014d48", kill_on_drop: false }`
[INFO] [stdout] 902e6aa403478e5b83236e96bb477ec42dedbe6c5fa6bb56e8b7f3efc5014d48
[INFO] running `Command { std: "docker" "create" "-v" "/var/lib/crater-agent-workspace/builds/worker-6/target:/opt/rustwide/target:rw,Z" "-v" "/var/lib/crater-agent-workspace/builds/worker-6/source:/opt/rustwide/workdir:ro,Z" "-v" "/var/lib/crater-agent-workspace/cargo-home:/opt/rustwide/cargo-home:ro,Z" "-v" "/var/lib/crater-agent-workspace/rustup-home:/opt/rustwide/rustup-home:ro,Z" "-e" "SOURCE_DIR=/opt/rustwide/workdir" "-e" "CARGO_TARGET_DIR=/opt/rustwide/target" "-e" "CARGO_INCREMENTAL=0" "-e" "RUST_BACKTRACE=full" "-e" "RUSTFLAGS=--cap-lints=forbid" "-e" "CARGO_HOME=/opt/rustwide/cargo-home" "-e" "RUSTUP_HOME=/opt/rustwide/rustup-home" "-w" "/opt/rustwide/workdir" "-m" "1610612736" "--user" "0:0" "--network" "none" "rustops/crates-build-env@sha256:d92eaeed33fa75130ca1ee6c8a01d1ffb62bac859dfdfb3450e3e5d1c0146529" "/opt/rustwide/cargo-home/bin/cargo" "+72f88fc4e9458f89516a0b8b0868f3718aec5b47" "check" "--frozen" "--all" "--all-targets" "--message-format=json", kill_on_drop: false }`
[INFO] [stdout] ffc55a3af2edf269acf2d39223a262403b2b80b8e1bc9fea6c67d41fd6588ba8
[INFO] [stderr] WARNING: Your kernel does not support swap limit capabilities or the cgroup is not mounted. Memory limited without swap.
[INFO] running `Command { std: "docker" "start" "-a" "ffc55a3af2edf269acf2d39223a262403b2b80b8e1bc9fea6c67d41fd6588ba8", kill_on_drop: false }`
[INFO] [stderr]    Compiling libc v0.2.77
[INFO] [stderr]    Compiling memchr v2.3.3
[INFO] [stderr]    Compiling byteorder v1.3.4
[INFO] [stderr]    Compiling log v0.4.11
[INFO] [stderr]    Compiling proc-macro2 v1.0.21
[INFO] [stderr]    Compiling arrayvec v0.4.12
[INFO] [stderr]    Compiling unicode-xid v0.2.1
[INFO] [stderr]     Checking rand_core v0.4.2
[INFO] [stderr]     Checking regex-syntax v0.6.18
[INFO] [stderr]    Compiling encoding_rs v0.8.24
[INFO] [stderr]     Checking stable_deref_trait v1.2.0
[INFO] [stderr]    Compiling syn v1.0.41
[INFO] [stderr]    Compiling serde v1.0.116
[INFO] [stderr]    Compiling serde_derive v1.0.116
[INFO] [stderr]    Compiling autocfg v1.0.1
[INFO] [stderr]    Compiling serde_json v1.0.57
[INFO] [stderr]     Checking crossbeam-utils v0.5.0
[INFO] [stderr]     Checking bytecount v0.6.0
[INFO] [stderr]     Checking itoa v0.4.6
[INFO] [stderr]     Checking termcolor v1.1.0
[INFO] [stderr]     Checking base64 v0.12.3
[INFO] [stderr]     Checking grep-matcher v0.0.1
[INFO] [stderr]     Checking grep-regex v0.0.1
[INFO] [stderr]     Checking grep-searcher v0.0.1
[INFO] [stderr]     Checking thread_local v1.0.1
[INFO] [stderr]     Checking crossbeam-utils v0.6.6
[INFO] [stderr]     Checking owning_ref v0.4.1
[INFO] [stderr]     Checking rand_core v0.3.1
[INFO] [stderr]     Checking ryu v1.0.5
[INFO] [stderr]    Compiling parking_lot_core v0.3.1
[INFO] [stderr]     Checking lock_api v0.1.5
[INFO] [stderr]     Checking aho-corasick v0.7.13
[INFO] [stderr]     Checking grep-matcher v0.1.4
[INFO] [stderr]    Compiling crossbeam-utils v0.7.2
[INFO] [stderr]     Checking regex-automata v0.1.9
[INFO] [stderr]     Checking crossbeam-epoch v0.5.2
[INFO] [stderr]     Checking crossbeam-epoch v0.6.1
[INFO] [stderr]     Checking bstr v0.2.13
[INFO] [stderr]    Compiling quote v1.0.7
[INFO] [stderr]     Checking crossbeam-deque v0.5.2
[INFO] [stderr]     Checking rand v0.5.6
[INFO] [stderr]     Checking memmap v0.7.0
[INFO] [stderr]     Checking atty v0.2.14
[INFO] [stderr]     Checking num_cpus v1.13.0
[INFO] [stderr]     Checking encoding_rs_io v0.1.7
[INFO] [stderr]     Checking regex v1.3.9
[INFO] [stderr]     Checking parking_lot v0.6.4
[INFO] [stderr]     Checking grep-searcher v0.1.7
[INFO] [stderr]     Checking crossbeam-channel v0.2.6
[INFO] [stderr]     Checking crossbeam v0.4.1
[INFO] [stderr]     Checking globset v0.4.5
[INFO] [stderr]     Checking grep-regex v0.1.8
[INFO] [stderr]     Checking grep-cli v0.1.5
[INFO] [stderr]     Checking ignore v0.4.16
[INFO] [stderr]     Checking grep-printer v0.1.5
[INFO] [stderr]     Checking grep v0.2.7
[INFO] [stderr]     Checking libripgrep_example v0.1.0 (/opt/rustwide/workdir)
[INFO] [stdout] error[E0432]: unresolved import `grep_regex::RegexMatcher`
[INFO] [stdout]   --> src/main.rs:24:5
[INFO] [stdout]    |
[INFO] [stdout] 24 | use grep_regex::RegexMatcher;
[INFO] [stdout]    |     ^^^^^^^^^^^^^^^^^^^^^^^^ no `RegexMatcher` in the root
[INFO] [stdout] 
[INFO] [stdout] 
[INFO] [stdout] error[E0432]: unresolved import `grep_matcher::Matcher`
[INFO] [stdout]   --> src/main.rs:27:5
[INFO] [stdout]    |
[INFO] [stdout] 27 |     Matcher
[INFO] [stdout]    |     ^^^^^^^ no `Matcher` in the root
[INFO] [stdout] 
[INFO] [stdout] 
[INFO] [stdout] error[E0432]: unresolved imports `grep_searcher::Sink`, `grep_searcher::Searcher`, `grep_searcher::SinkMatch`, `grep_searcher::SearcherBuilder`, `grep_searcher::MmapChoice`
[INFO] [stdout]   --> src/main.rs:31:5
[INFO] [stdout]    |
[INFO] [stdout] 31 |     Sink,
[INFO] [stdout]    |     ^^^^ no `Sink` in the root
[INFO] [stdout] 32 |     Searcher,
[INFO] [stdout]    |     ^^^^^^^^ no `Searcher` in the root
[INFO] [stdout] 33 |     SinkMatch,
[INFO] [stdout]    |     ^^^^^^^^^ no `SinkMatch` in the root
[INFO] [stdout] 34 |     SearcherBuilder,
[INFO] [stdout]    |     ^^^^^^^^^^^^^^^ no `SearcherBuilder` in the root
[INFO] [stdout] 35 |     MmapChoice,
[INFO] [stdout]    |     ^^^^^^^^^^ no `MmapChoice` in the root
[INFO] [stdout] 
[INFO] [stdout] 
[INFO] [stdout] error[E0432]: unresolved import `grep_regex::RegexMatcher`
[INFO] [stdout]   --> src/main.rs:24:5
[INFO] [stdout]    |
[INFO] [stdout] 24 | use grep_regex::RegexMatcher;
[INFO] [stdout]    |     ^^^^^^^^^^^^^^^^^^^^^^^^ no `RegexMatcher` in the root
[INFO] [stdout] 
[INFO] [stdout] 
[INFO] [stdout] error[E0432]: unresolved import `grep_matcher::Matcher`
[INFO] [stdout]   --> src/main.rs:27:5
[INFO] [stdout]    |
[INFO] [stdout] 27 |     Matcher
[INFO] [stdout]    |     ^^^^^^^ no `Matcher` in the root
[INFO] [stdout] 
[INFO] [stdout] 
[INFO] [stdout] error[E0432]: unresolved imports `grep_searcher::Sink`, `grep_searcher::Searcher`, `grep_searcher::SinkMatch`, `grep_searcher::SearcherBuilder`, `grep_searcher::MmapChoice`
[INFO] [stdout]   --> src/main.rs:31:5
[INFO] [stdout]    |
[INFO] [stdout] 31 |     Sink,
[INFO] [stdout]    |     ^^^^ no `Sink` in the root
[INFO] [stdout] 32 |     Searcher,
[INFO] [stdout]    |     ^^^^^^^^ no `Searcher` in the root
[INFO] [stdout] 33 |     SinkMatch,
[INFO] [stdout]    |     ^^^^^^^^^ no `SinkMatch` in the root
[INFO] [stdout] 34 |     SearcherBuilder,
[INFO] [stdout]    |     ^^^^^^^^^^^^^^^ no `SearcherBuilder` in the root
[INFO] [stdout] 35 |     MmapChoice,
[INFO] [stdout]    |     ^^^^^^^^^^ no `MmapChoice` in the root
[INFO] [stdout] 
[INFO] [stdout] 
[INFO] [stdout] warning: unnecessary parentheses around type
[INFO] [stdout]   --> src/main.rs:43:55
[INFO] [stdout]    |
[INFO] [stdout] 43 | pub fn scan_path(pattern: &str, path: &str) -> Result<(Vec<FileMatch>), Box<Error>> {
[INFO] [stdout]    |                                                       ^^^^^^^^^^^^^^^^ help: remove these parentheses
[INFO] [stdout]    |
[INFO] [stdout]    = note: `#[warn(unused_parens)]` on by default
[INFO] [stdout] 
[INFO] [stdout] 
[INFO] [stdout] warning: trait objects without an explicit `dyn` are deprecated
[INFO] [stdout]   --> src/main.rs:43:77
[INFO] [stdout]    |
[INFO] [stdout] 43 | pub fn scan_path(pattern: &str, path: &str) -> Result<(Vec<FileMatch>), Box<Error>> {
[INFO] [stdout]    |                                                                             ^^^^^ help: use `dyn`: `dyn Error`
[INFO] [stdout]    |
[INFO] [stdout]    = note: `#[warn(bare_trait_objects)]` on by default
[INFO] [stdout] 
[INFO] [stdout] 
[INFO] [stdout] warning: unnecessary parentheses around type
[INFO] [stdout]   --> src/main.rs:43:55
[INFO] [stdout]    |
[INFO] [stdout] 43 | pub fn scan_path(pattern: &str, path: &str) -> Result<(Vec<FileMatch>), Box<Error>> {
[INFO] [stdout]    |                                                       ^^^^^^^^^^^^^^^^ help: remove these parentheses
[INFO] [stdout]    |
[INFO] [stdout]    = note: `#[warn(unused_parens)]` on by default
[INFO] [stdout] 
[INFO] [stdout] 
[INFO] [stdout] warning: trait objects without an explicit `dyn` are deprecated
[INFO] [stdout]   --> src/main.rs:43:77
[INFO] [stdout]    |
[INFO] [stdout] 43 | pub fn scan_path(pattern: &str, path: &str) -> Result<(Vec<FileMatch>), Box<Error>> {
[INFO] [stdout]    |                                                                             ^^^^^ help: use `dyn`: `dyn Error`
[INFO] [stdout]    |
[INFO] [stdout]    = note: `#[warn(bare_trait_objects)]` on by default
[INFO] [stdout] 
[INFO] [stdout] 
[INFO] [stdout] error: aborting due to 3 previous errors; 2 warnings emitted
[INFO] [stdout] 
[INFO] [stdout] 
[INFO] [stdout] For more information about this error, try `rustc --explain E0432`.
[INFO] [stdout] 
[INFO] [stdout] error: aborting due to 3 previous errors; 2 warnings emitted
[INFO] [stdout] 
[INFO] [stdout] 
[INFO] [stdout] For more information about this error, try `rustc --explain E0432`.
[INFO] [stdout] 
[INFO] [stderr] error: could not compile `libripgrep_example`.
[INFO] [stderr] 
[INFO] [stderr] To learn more, run the command again with --verbose.
[INFO] [stderr] warning: build failed, waiting for other jobs to finish...
[INFO] [stderr] error: build failed
[INFO] running `Command { std: "docker" "inspect" "ffc55a3af2edf269acf2d39223a262403b2b80b8e1bc9fea6c67d41fd6588ba8", kill_on_drop: false }`
[INFO] running `Command { std: "docker" "rm" "-f" "ffc55a3af2edf269acf2d39223a262403b2b80b8e1bc9fea6c67d41fd6588ba8", kill_on_drop: false }`
[INFO] [stdout] ffc55a3af2edf269acf2d39223a262403b2b80b8e1bc9fea6c67d41fd6588ba8
